 prime?
False
Suppose 10*u = 12*u. Let s(a) = -a**2 + a + 319. Is s(u) composite?
True
Suppose -8*x - 25 + 9 = 0. Is 1850 + 5 + -2 + x a composite number?
True
Let f(d) be the first derivative of -d**2 - 2*d + 6. Let h be f(-6). Is h + -10 + 1 + 50 prime?
False
Is 340/595 - 930362/(-14) prime?
False
Suppose 3*m + 3*d = -0*m + 51, 37 = m - 3*d. Let v = 23 - m. Is (0 - (-95 + v))/2 composite?
False
Is 138/(-483) + (-38882)/(-14) prime?
True
Let d be ((-12)/(-10))/((-3)/10995). Let l be d/(-9) - 5/(-15). Suppose -10*z + 7*z = -l. Is z a prime number?
True
Let a = 9190 + -3219. Is a prime?
False
Let j be (-1)/(-1*(-2)/10). Let h be (-16)/20*(4 - -1). Is 310/h*4/j prime?
False
Let v(i) = -3*i**3 + 6*i**2 - 23*i + 187. Is v(-15) prime?
True
Let y = 2310 + 881. Is y prime?
True
Let v be -6*(-3)/99 - (-19386)/(-22). Let n = v - -1647. Is n prime?
False
Let i be 2 - (-1 + (-3)/3). Suppose -2*a - 3*d - 5 = -26, -4*a + i*d = -52. Let r(u) = 4*u + 7. Is r(a) a prime number?
False
Let u(q) = 24*q**2 + q. Let b(t) = t**3 - 4*t**2 + t + 3. Let d be b(3). Let y = 2 + d. Is u(y) a prime number?
True
Suppose -21 + 6 = -5*c, 5*o = 3*c - 889. Let z = 1263 - o. Is z composite?
False
Let g(r) = -r**3 + 18*r**2 - 18*r - 10. Let v be g(17). Let s = 46 + v. Is s composite?
False
Is (-15)/(-50)*12102 - 2/(-5) a composite number?
False
Suppose -j = -r + 7501, r - 5*j = 6948 + 561. Is r prime?
True
Suppose -13*d + 12*d + 2495 = 0. Is d prime?
False
Let l(r) = 27*r**2 - 14*r - 94. Is l(21) prime?
True
Let m(i) = i**3 - 5*i**2 - 7*i + 9. Let n be m(6). Suppose 2*s = 3*r + 5*s - 1575, -n*s = -2*r + 1060. Is r a prime number?
False
Let z = 900 - 503. Is z a composite number?
False
Let q(x) = x + 1. Let w(j) = j**2 - 3*j - 6. Let f(k) = 4*q(k) + w(k). Let c be f(-3). Suppose 5*b = -5*h + 195, -4*h = -b + c*b - 152. Is h composite?
True
Let c(j) = -7*j**2 - 2*j - 2. Let z be c(-4). Let t = 197 + z. Is t/(-3)*(-10 - -7) prime?
False
Let f(b) = -2*b - 1. Suppose -l + 2 = 2*r - 10, -5*r + 8 = -3*l. Suppose -l*q = -6*q - 20. Is f(q) a composite number?
False
Suppose x = r + 252, 2*x + 3*r - 528 = -r. Suppose 4*d - 7 = 3*j - 185, 4*j - x = -4*d. Is j a composite number?
True
Let c be (1/2)/((-15)/4 + 4). Suppose -c*h = -10*h + 4688. Is h composite?
True
Let m be 15/((-2)/(1 + 1)). Let g(h) = -h**3 - 15*h**2 + 5. Let q be g(m). Is (-2)/q - (-2382)/30 prime?
True
Let i = 6 + 23. Is (i/4)/((-2)/(-40)) a prime number?
False
Let q(g) = -3*g + 19. Let b be q(5). Suppose -b*s = -9*s + 170. Is s composite?
True
Let g(x) = -x**3 - 7*x**2 - 9*x - 13. Let m be g(-6). Suppose -m*y + 11*y = 5730. Is y composite?
True
Is (-3)/5 - (-36204)/15 a prime number?
False
Let k(v) = -4 + 139*v + 3 - 4. Let s be k(-9). Let n = s + 2005. Is n composite?
True
Is (1 + -3)*((-79190)/20 - -12) composite?
True
Let p(w) = 2*w**3 + 3*w**2 - 6*w + 4. Suppose 0 = 8*t - 3*t + 15. Let h be 29/6 + t/(-18). Is p(h) prime?
False
Let r(g) = 351*g - 187. Is r(20) a prime number?
True
Let t(p) = 2*p + 23. Let a(r) = r + 15. Let y(w) = 7*a(w) - 5*t(w). Let d be y(-4). Suppose -d*s - 3*n + 248 = 0, 116 = 4*s + 3*n - 386. Is s a prime number?
True
Let m be ((-2)/((-6)/105))/(2 + -3). Is 14/(-10) - -1 - 59269/m composite?
False
Let i = 4 + 67. Is i prime?
True
Suppose 2*w = -c - 0*c - 18, c + 21 = -3*w. Let h = 155 + -152. Is ((-497)/4)/(h/c) composite?
True
Suppose -2*c - 760 = 2*w, 2*c + 3*w + 756 = -0*c. Let n(l) = 3*l**3 + 2*l**2 + l - 1. Let s be n(6). Let x = s + c. Is x a composite number?
True
Is ((-3)/1)/(429/(-471757)) a prime number?
True
Let g = 23 + 67. Suppose -5*y - 5*c - g = 0, 2*y - c = c - 32. Let v = 94 + y. Is v a composite number?
True
Let a = 741 - -410. Is a a prime number?
True
Let m = 1109 + 3384. Is m a composite number?
False
Let j be -407 - (-3 + (-10)/((-4)/2)). Let n = -20 - j. Is n a composite number?
False
Let b(a) = -61*a**2 + 10*a + 36. Let s be b(11). Is (-2)/(-8) - 2/(40/s) a prime number?
False
Let u(c) = -c**3 + 5*c + 1. Suppose -3*g - 12 = 6. Is u(g) prime?
False
Suppose 2834 = -3*t + 5*t. Suppose 3*q - 1433 = 5*k, 0*q + 3*q - k = t. Suppose 0 = -8*o + 5*o + q. Is o prime?
True
Let l = 64 + -51. Suppose -l*v + 2274 = -7*v. Is v composite?
False
Let z = 29 + -27. Suppose -3*t = 4*f - 1968, -994 = -z*f - t - 3*t. Is f prime?
False
Let l = 4486 - 1779. Is l a prime number?
True
Let j(u) = u**2 + 2*u + 1. Let h be j(-2). Let d be 0/h*(-3 + 4). Suppose 3*c - 623 - 271 = d. Is c prime?
False
Let d(g) = 2*g**2 - 3*g + 3. Let h be d(-6). Let f = -155 - -158. Suppose 107 = o + 2*j + f*j, -2*j = -o + h. Is o composite?
False
Let u be 4*1*36/16. Suppose -j + u = -4*j + t, 4*j + 12 = 2*t. Let v(y) = -49*y - 1. Is v(j) a prime number?
False
Let s = -389 - -120. Let d = s - -396. Is d composite?
False
Let u(c) = 124*c - 67. Is u(9) a composite number?
False
Suppose 8*l - 10 = 6. Suppose -4*p + l*t + 2256 = 0, -3*t = -8*t + 20. Is p a composite number?
True
Let x(a) = 84*a + 5. Let j be x(8). Let v = j + -1039. Let m = -201 - v. Is m a composite number?
True
Let g(u) = 2*u**2 + 31*u + 76. Is g(-17) a composite number?
False
Let r = -47 + 45. Is r - (1 - 1) - (-993 - -12) prime?
False
Let o(q) = -q**3 + 7*q**2 - 3*q - 14. Let r be o(6). Let n(j) = 11*j**3 - 7*j - 3. Is n(r) composite?
False
Let r(z) = -z**3 + 11*z**2 - 10*z + 2. Let k be r(10). Let g be ((-24)/(-36))/(k/1266). Let s = g - 245. Is s a prime number?
False
Let f = -725 + -634. Let y = 2326 + f. Is y a prime number?
True
Let m = 5214 - -8188. Is m composite?
True
Is ((-20)/(-60))/(-2 + 55550/27774) composite?
True
Let d(p) = p**2 + 14*p + 15. Let r be d(-13). Suppose k - 4119 = -r*k. Is k prime?
True
Let s(a) = a**2 + 12*a - 3. Let v = -26 + 14. Let p be s(v). Is -2 - (-336)/(p - -7) prime?
False
Suppose 244 = r - 700. Suppose j = 5*q + r, 0 = 2*q - q + 5. Is j composite?
False
Let u be ((-4)/3)/(2/(-3)). Let x be (10/20)/(u/(-952)). Let c = 461 + x. Is c a composite number?
False
Let v be (0 - 5)*(-2 + 7)/(-1). Suppose -29*h + 8716 = -v*h. Is h prime?
True
Suppose 2*x - 33 = -23. Suppose 7379 = 4*v - 3*h, -2*v + 2758 + 899 = x*h. Is v a prime number?
False
Let x be 12*(1 - 4 - 2). Let d = x + 165. Suppose 331 = 4*p - d. Is p prime?
True
Let a(n) = 7 + 11*n**2 - 4 - 16*n - 5*n**2. Is a(11) a composite number?
True
Let n = 7815 - 4652. Is n prime?
True
Suppose 4*c = 3*i + 2307, -2*c + 1167 = 3*i - 0*i. Let t = c + -320. Is t composite?
True
Suppose -3*z + 12 = a - 1, 0 = -z + a + 11. Let c = -3 + z. Suppose c*o = -2*o + 4*g + 67, 2*o = -4*g + 10. Is o a composite number?
False
Suppose 5428 - 1630 = -6*z. Is z/12*1*(-16)/4 prime?
True
Let q(d) be the first derivative of -33*d**2 + 5*d + 4. Let w = -12 + 8. Is q(w) prime?
True
Let p be 15*(104/(-6))/(-2). Suppose 0 = -2*u + l + p - 37, 0 = -4*u - 5*l + 179. Suppose u = m - 103. Is m composite?
False
Let q(a) = 10*a**3 + 11*a**2 + 12*a + 12. Let o be q(-8). Let b = -2707 - o. Is b a composite number?
True
Let a = 244 + -134. Let h = -234 + a. Let j = h - -183. Is j prime?
True
Let v(a) = a**3 - 4*a**2 - 7*a - 5. Let r be (-5 - -9)*18/4. Suppose r = 4*b - b. Is v(b) composite?
True
Let w = -232 - -23. Let k = w - -322. Is k a prime number?
True
Let t(y) be the third derivative of -37*y**4/24 - 22*y**3/3 + 9*y**2. Is t(-7) a composite number?
True
Suppose -11 = -a + 3. Suppose -2*i - a = -2. Is 2*(-1)/(i/105) a prime number?
False
Suppose 0 = -2*u - 8*u + 116650. Is u prime?
False
Suppose t = 2*x - 12383 + 3232, 4*x - 18297 = -3*t. Suppose 0 = -g + 4*o + x, -4*o - 3932 = -4*g + 14404. Let h = g - 3106. Is h prime?
True
Suppose -y + 3*y - 4 = 0. Is (-2)/(24/(-6700)) - y/(-3) composite?
True
Let w = 1939 - 378. Is w composite?
True
Let z be (-14 - -17)/(1*(-6)/4). Is 211/(z - (-45)/21) composite?
True
Suppose -36 = -4*y - 4*o, y = 6*y + 3*o - 37. Let d be 2/6*(-9)/(-1). Suppose -d*i + 777 = n, -4*i = i + y*n - 1295. Is i a composite number?
True
Suppose -1030416 = -58*h + 10*h. Is h a composite number?
False
Suppose -8*x = -7*x - 472. Let b = x + -242. Let z = -39 + b. Is z a prime number?
True
Suppose 4 = m - 4*u - 7, 0 = -2*m - 5*u + 9. Let k(j) = -j**3 - 5*j**2 + 2*j - 8. Let n be k(-7). Suppose -9*c + n = -m*c. Is c composite?
True
Suppose -51 - 2 = 3*o + q, 5*q - 115 = 5*o. Let n = o - -44